en 32 is divided by b?
13
Let o = 12 - 14. Suppose -3*p = 3*k - 48, -2*p + 2*k + 48 = p. Calculate the remainder when ((-40)/(-16))/(o/(-48)) is divided by p.
12
Let x(h) = 26*h - 602. What is the remainder when x(28) is divided by 89?
37
Let a = 366 + -258. Calculate the remainder when a is divided by 36.
0
Suppose -32*m + 729 = -29*m. What is the remainder when m is divided by 129?
114
Let q be 0*(-2)/(-4)*2. Suppose q = h + 3, -3*s + h = -60 - 21. Suppose -4*p + p = -27. Calculate the remainder when s is divided by p.
8
Suppose 5*c - 355 = 275. Let b = -85 + c. Calculate the remainder when b is divided by (1 - 0) + 1 + 9.
8
Let v(u) = 2*u**2 + 14*u - 101. What is the remainder when v(12) is divided by 46?
33
Suppose -35*r + 616 = -13*r. Calculate the remainder when 219 is divided by r.
23
Let j(q) = -q**2 - 5*q + 1. Let b be j(-3). Suppose 0 = -2*p + b*p - 130. Let k = -5 + 22. What is the remainder when p is divided by k?
9
Let q(b) = 35*b**2 + 2*b. Let o(i) = -174*i**2 - 11*i + 1. Let t(g) = 2*o(g) + 11*q(g). Calculate the remainder when 115 is divided by t(1).
37
Let a be (-2 - -20) + -4 + 7. Suppose 5*x - 57 = -2*u, 0 = -2*x - u + 2 + a. Calculate the remainder when x is divided by 3.
2
Let s(b) = -2*b + 6 - 4*b + 5*b. Let r be s(4). Suppose 0*l - 4*l - 2*q + 24 = 0, -2*l - r*q = -12. Calculate the remainder when 17 is divided by l.
5
Let w = -27 - -36. Suppose -w - 6 = -3*u. Let v(s) = 2*s**3 - 2*s**2 - 5*s + 2. Calculate the remainder when v(3) is divided by u.
3
Suppose -t + p + 74 = 0, -t + 3*p = 22 - 98. Let k = t + -49. What is the remainder when 118 is divided by k?
22
Let i = -25 + 26. Let f = 24 - i. Let g(r) = r**2 - 3*r + 12. Calculate the remainder when g(9) is divided by f.
20
Let r(i) = 24*i**2 - 1. Suppose 6 = -2*h, 27 = 5*s - 5*h - 28. Calculate the remainder when r(-1) is divided by s.
7
Let j = 1067 + -309. Calculate the remainder when j is divided by 5.
3
Let l = 9 + -9. Suppose 12*q - 15*q + 105 = l. What is the remainder when 104 is divided by q?
34
Suppose 2*q + r - 16 = 2*r, q - 26 = 5*r. Let m = 25 + -8. Calculate the remainder when m is divided by q.
5
Suppose 5*v - 172 = 503. Suppose 0 = -n + 6*n - v. Calculate the remainder when n is divided by (-2)/(-8) - 78/(-8).
7
Let i = -48 + 115. Suppose w = 4*z + i, w - 38 = -2*z + 41. Let s = -20 + w. What is the remainder when s is divided by 14?
13
Let s = -611 + 647. What is the remainder when s is divided by (-130)/(-6) + 2/(-3)?
15
Let l = 2111 - 1878. What is the remainder when l is divided by 66?
35
Let p = -219 + 442. Let i(y) = -3*y - 51. What is the remainder when p is divided by i(-32)?
43
Suppose -y - 6*k + 3*k + 35 = 0, 0 = 2*k - 6. Suppose 1957 = 315*i - 296*i. What is the remainder when i is divided by y?
25
Suppose 0 = q - 82 - 2. Suppose k = 5*k - q. Suppose 325 = -13*o + 56*o - 19. Calculate the remainder when k is divided by o.
5
Let w = -193 - -243. What is the remainder when 1397 is divided by w?
47
Let x be ((-429)/(-22))/((-1)/4). Let z = -66 - x. Let b(y) = -y + 34. What is the remainder when b(0) is divided by z?
10
Suppose -52 - 73 = -5*g. What is the remainder when 198 is divided by g?
23
Calculate the remainder when 8 - (-2 - (-2 - -2)) is divided by -3*(5 + (-35)/15 + -4).
2
Let j(o) = -o**3 - 4*o**2 + 10*o. Suppose -11*i - 95 = -18. What is the remainder when j(i) is divided by 20?
17
Let l(c) = 61*c**2 + 1. Let d be l(-1). Suppose 5*v - d = 13. Suppose 178 + 58 = 4*u. Calculate the remainder when u is divided by v.
14
Let q = 18 + -18. Suppose -2*h + q*h = -54. What is the remainder when h is divided by 15?
12
Let p(a) = 61*a + 25. Calculate the remainder when p(2) is divided by 104.
43
Let z(o) = -2*o**2 - 64*o - 60. What is the remainder when -3 + -1 + 3 - -3 is divided by z(-31)?
0
Let p(a) = 12*a**3 + 1. Suppose -8*r + 184 + 8 = 0. Calculate the remainder when r is divided by p(1).
11
Let y = -25 - 1. What is the remainder when 4 - 400/104 - 958/y is divided by 10?
7
Suppose 5*k + 5*s - 280 = 0, 15*s - 17*s - 10 = 0. What is the remainder when k is divided by 11?
6
Let k be 376/7 - (-20)/70. Suppose -p + 66 = -k. Suppose 3*c + 4*f + f = 91, 5*c = -2*f + p. What is the remainder when c is divided by 6?
4
Suppose 7*c - 606 = c. What is the remainder when c is divided by 17?
16
Let p(h) = 3*h + 18. What is the remainder when 67 is divided by p(2)?
19
Let i(s) = -s**2 - 12*s + 4. Suppose -n - p = 4*n - 31, -p + 25 = 4*n. Let g = n + -18. What is the remainder when 6 is divided by i(g)?
2
Suppose -5*l = -2*z + 36, -19 + 1 = -2*z - 4*l. Calculate the remainder when 47 is divided by z.
8
Let w = 3046 + -3021. Suppose o = 5*s + 77, 0*o - 3*o = -5*s - 271. What is the remainder when o is divided by w?
22
Let a(c) = 2*c**2 + 5*c - 3. Calculate the remainder when a(2) is divided by 7.
1
Let r(d) = 179*d**3 - 2*d**2 - 2*d - 1. Let a be r(-1). Let n be a/(-24)*(-28)/(-3). Let p = -19 + n. Calculate the remainder when p is divided by 13.
12
Suppose 0 = 10*g - 378 + 268. What is the remainder when 338 is divided by g?
8
Let a = 1260 + -1223. What is the remainder when a is divided by 7?
2
Let b(m) = m**2 + 3*m - 35. Let a be b(7). What is the remainder when 24 is divided by ((-2646)/a)/(-9) + 3/5?
6
Let v be (-6)/(2 + 14/(-4)). Let w(r) = 12*r - 5. Let d = -837 + 849. What is the remainder when w(v) is divided by d?
7
Let c(m) be the first derivative of 5*m**3/3 + m**2 - 12*m + 11. Let z be c(-6). Suppose 5*s = 2*s + z. Calculate the remainder when s is divided by 18.
16
What is the remainder when 78 is divided by 11/(-1 - (-30)/20)?
12
Suppose 3*z + 6 = 0, 0*i - 5*z - 37 = -3*i. Calculate the remainder when 23 is divided by i.
5
Suppose k - 40 = 2*u, -5*u - 13 = 7. Calculate the remainder when k is divided by 19.
13
Suppose 3*w - w = 3*i - 85, -i + 33 = -3*w. Calculate the remainder when 402 is divided by i.
24
Let k(m) be the first derivative of -m**3/3 - 9*m**2/2 - 2*m + 1. Let z(d) = d - 6. Let j be z(-1). What is the remainder when 33 is divided by k(j)?
9
Let y = -1055 - -1166. What is the remainder when 321 is divided by y?
99
Suppose q - b = 8, -5*q + 4*b + 55 = 11. Let g(x) = 13*x - 289. Calculate the remainder when g(24) is divided by q.
11
Let u = -2124 - -3248. Calculate the remainder when u is divided by 49.
46
What is the remainder when (-151 - 323)/(-1*(-6)/(-4)) is divided by 60?
16
Suppose 0 = d - 5*f + f + 7, -5*d = -f - 22. What is the remainder when ((-2)/(-3))/((-4)/(-78)) is divided by d?
3
Let u(w) = w**3 - 4*w**2 - 11*w - 5. Let f be u(6). Calculate the remainder when 101 is divided by 3/f + -1 + 6 + 18.
23
Suppose 161 = 3*z + 23. Suppose -p - 48 = -3*p. Calculate the remainder when z is divided by p.
22
Suppose a = -2*v + 51, -58 = 2*a + 3*v - 162. What is the remainder when 219 is divided by a?
54
Suppose -7*z + 3*p + 50 = -3*z, 0 = 4*z - 4*p - 52. What is the remainder when 350 is divided by z?
9
Let h(f) = 6*f**2 - f + 5. Suppose 4*x + 36 = 7*p - 4*p, 17 = 4*p + 5*x. Calculate the remainder when h(-3) is divided by p.
6
Let f(p) = 3*p + 21. Suppose -x - t = -4*x + 6, 3*x + 3 = -2*t. What is the remainder when f(-6) is divided by x?
0
Suppose 5*g - 19 = u, 2*g - 7 = -5*u + 33. Suppose -3*k = -u*k + 177. Suppose y = -4*j - 6 + 67, 4*j - y = k. What is the remainder when 28 is divided by j?
13
Suppose 2*g - 7 = 5. Suppose 5*z + 38 = t, 2*z = t - 18 - 8. Calculate the remainder when t is divided by g.
0
Suppose -2*v + 41 = r, 7*v + 112 = 4*r + 2*v. Calculate the remainder when 145 is divided by r.
13
Suppose -5*k = -n + 74, -28 = 3*k - 16. What is the remainder when 107 is divided by n?
53
Let b = 25754 - 25704. Suppose -2*c = -y - 57, -5*c = -y + 5*y - 110. What is the remainder when b is divided by c?
24
Let c(i) = -2 - 5*i**2 - 2*i**2 + 3*i**2 - 7*i**3 + 5 + 3*i. What is the remainder when c(-3) is divided by 37?
36
Let y(i) = 3*i**3 - 3*i**2 + 3*i - 5. Calculate the remainder when y(3) is divided by 18.
4
Let k(n) = -n**2 + 35. Calculate the remainder when 41 is divided by k(-5).
1
What is the remainder when 132 is divided by 15*(-1 + 4 - 2)?
12
Suppose -2*q = -l - 53 + 5, 0 = 2*q + 4*l - 58. What is the remainder when q is divided by -1*(0 + -1 + -12)?
12
Suppose -162 = 10*g - 562. Calculate the remainder when 117 i